e w(x). Suppose 219 = s - p*m + 46, -20 = -4*m. What are the prime factors of s?
2, 3, 11
Let j(k) be the second derivative of k**4/6 - 13*k**3/6 + 40*k**2 - 24*k. List the prime factors of j(-13).
587
Let d = -32 + -156. Let g = 454 + d. List the prime factors of g.
2, 7, 19
Suppose -2*n + q + 4346 - 1265 = 0, -3*q + 9 = 0. List the prime factors of n.
2, 3, 257
Let h(c) = -218*c + 15967. List the prime factors of h(0).
7, 2281
Suppose 0 = -17*w + 72 + 30. Suppose -w*k = -79 - 497. List the prime factors of k.
2, 3
Suppose 6*j + 33 + 165 = 0. Let h = -43 - j. What are the prime factors of (-1 - -1) + -196*5/h?
2, 7
Let x = -13038 - -20634. List the prime factors of x.
2, 3, 211
Let f(c) = 26*c - 25. Let w = -39 - -49. What are the prime factors of f(w)?
5, 47
Let j be (-4246)/6 - 9/(-297)*-11. Let y = -65 - j. What are the prime factors of y?
643
Let i(v) be the first derivative of 21*v**4/4 + v**3 + 2*v**2 + 3*v + 77. List the prime factors of i(3).
3, 7, 29
Let j be (-1)/3 - (-27)/81. Suppose 6*i - 3*i - 4*q = 7, q - 2 = j. What are the prime factors of i?
5
Let a be ((-1)/4)/((-15)/300). Let b be ((-2)/a)/((-42)/10185). Let o = -48 + b. List the prime factors of o.
7
Suppose -3*t = -y + 205, -5*t + 465 = 2*y - 0*y. Suppose -222*f + 984 = -y*f. List the prime factors of f.
2, 3, 41
Let i(w) be the first derivative of -21*w**2/2 - 54*w + 1. Let x be ((-12)/(-18) + (-26)/(-6) + -4)*-13. List the prime factors of i(x).
3, 73
List the prime factors of (-6)/45 - ((-13213540)/300 + -19).
2, 3, 17
Let i = -101 - -74. What are the prime factors of (33/(-4))/(i/24)*12?
2, 11
Let x(d) = 2*d**3 + 94*d**2 + 2*d + 91. What are the prime factors of x(-25)?
27541
Suppose 484 = -9*m + 889. List the prime factors of 39063/27 - (-10)/m.
1447
Suppose -132750 = 3*w - 21366. List the prime factors of w/(-130) + (-6)/10.
3, 5, 19
Suppose -4*z = -s - 78 - 142, 5*s + 1130 = 5*z. Let c = s - -356. What are the prime factors of c?
2
Let z(o) = 19*o + 5. Let n(a) = -2*a + 2. Let x(f) = -15*n(f) + 5*z(f). List the prime factors of x(7).
2, 3, 5, 29
Suppose 3*k - 11174 = 5*j - 44904, -4*j = 4*k - 26984. List the prime factors of j.
2, 3373
Suppose -l - l + 6 = 4*a, 4*l = -3*a + 2. Suppose -q - 5*n + 485 = 4*q, -2*n = -a*q + 214. What are the prime factors of q?
2, 3, 17
Let v = 5218 + -100. What are the prime factors of v?
2, 3, 853
Let c = 51 - 57. Let i(y) = -3*y**3 - 6*y**2 - 5*y - 4. Let x be i(c). Suppose -j + x = j. List the prime factors of j.
229
Suppose 5*c = -4*q - 317, c + 297 = -q - 3*q. Let g = 69 + q. List the prime factors of ((-44)/55)/(g/650).
2, 5, 13
Let l(y) = -4 - 14*y - 11 + 6 - 6. Let i(c) = -5*c - 5. Let u(z) = 11*i(z) - 4*l(z). List the prime factors of u(4).
3
Let b be ((-21)/(-35)*6)/((-3)/(-1720)). Suppose -10*k = -16*k + b. Suppose k = 7*n - 1623. List the prime factors of n.
281
Let z(f) = -f**3 + 2*f**2 + f - 5. Let n be z(0). Let x be ((-43)/3)/(n/30) - 2. Suppose -x = -4*r + 124. What are the prime factors of r?
2, 13
List the prime factors of (-3)/(-5)*95/38*(-125132)/(-7).
2, 3, 41, 109
Suppose 8*x = 266 - 282. List the prime factors of x/(84/6) - 9717/(-7).
2, 347
Let o = 23390 - 9547. List the prime factors of o.
109, 127
Suppose 4*p = 15*p - 11. List the prime factors of (1*(p + -3) - -1) + 351.
2, 5, 7
What are the prime factors of (-2258)/(-7903) - (0 - 131050/14)?
11, 23, 37
Let m = 88 - 122. Let s = m - -27. Let n(w) = -32*w + 36. List the prime factors of n(s).
2, 5, 13
List the prime factors of ((-574460)/30 + 0)/(2/(-3)).
28723
Let a be (16/12)/(8/6276). Let z = 8 + a. What are the prime factors of z?
2, 17, 31
Let j be 4/18 - (-94)/(-18). Suppose 51 + 649 = 25*o. Let p = j + o. What are the prime factors of p?
23
Suppose 5*y - 116 + 81 = 0, 3*j = -3*y + 65028. List the prime factors of j.
3, 31, 233
Let z(n) = -22*n - 47 + 7*n - 78 + 8 + 19. What are the prime factors of z(-13)?
97
Suppose -3*h = -3, 0*k = -3*k + h - 61. Let t be (21/(-12))/(-7) - 395/k. Suppose 2*m - 34 - t = 0. List the prime factors of m.
3
Suppose -43*g + 2826565 = 38*g + 58*g. What are the prime factors of g?
5, 7, 83
Let p = -187 + 38. Let o be -3 - (p/4 + 6/24). Suppose -o = -4*c + 130. List the prime factors of c.
41
Let d = -63 - -21. Let f = d - -47. Suppose f*q - 246 - 99 = 0. What are the prime factors of q?
3, 23
Suppose 185*u - 11*u - 4140490 = -1379806. List the prime factors of u.
2, 7933
Suppose -5 = -54*z + 55*z, 4*z = -2*l - 38. Let a(m) = -2*m**3 - 12*m**2 - 61*m - 16. What are the prime factors of a(l)?
1019
Let g(z) = -425*z - 2651. What are the prime factors of g(-12)?
31, 79
What are the prime factors of 11833200/200 + -2 + -22?
2, 3, 9857
Let q be -6 - (12 + -6 + -15). Suppose l + 747 = -q*a + 5*a, 2*a = 5*l + 751. List the prime factors of a.
373
Suppose -152*n = -160*n + 24. List the prime factors of (-1)/(-3*n/6831).
3, 11, 23
Let o(k) = -k**3 - k**2 + 32*k + 138. List the prime factors of o(-25).
2, 67, 107
Suppose -d + 116948 = 3*s + 32908, 5*d = 35. What are the prime factors of s?
3, 9337
Suppose -5*c + 2*z + 3123 + 1808 = 0, 5*z - 997 = -c. Let j = c - 278. What are the prime factors of j?
709
Let l = 233 - 233. Suppose l = -22*a + 5*a + 2057. List the prime factors of a.
11
Suppose 7*r - 41 = 43. Suppose -j = -4*y + 1021, -9*j + 523 = 2*y - r*j. List the prime factors of y.
2, 127
Let u(h) = 6*h**2 - 3*h - 4. Let y be u(-2). Let b = 28 - y. Suppose 2*d = 3*z + 261, d = 4*z - b*z + 128. What are the prime factors of d?
2, 3, 23
Let g(j) = 294*j**3 + 10*j**2 + 7*j + 21. What are the prime factors of g(5)?
2, 3, 193
Suppose 19*i - 25*i + 216 = 0. List the prime factors of i/162 - 745/(-9).
83
Suppose 11*l + 35080 = 13*l - 2*o, -l + 17504 = 5*o. What are the prime factors of l?
2, 11, 797
Suppose -5*h + 3855 + 10360 = 0. What are the prime factors of h?
2843
Let w(h) = 9*h**2 - 11*h + 760. What are the prime factors of w(-82)?
2, 3, 43, 241
Let x(r) = -4*r**2 + 6*r + 14. Let f be x(7). Let g be (-2)/3 - (-1 - f/(-12)). What are the prime factors of ((-16)/g)/(1/(-57))?
2, 19
Suppose -33*w = -24*w - 30*w + 49917. What are the prime factors of w?
2377
Let a(f) = -5*f + 163. Suppose 0 = -5*p - 4*u - 186, -15*p - 152 = -11*p + 4*u. What are the prime factors of a(p)?
3, 37
Let h(p) = 8*p - 8. Let a(l) = -10*l + 26. Let m be a(2). Let c(x) = 31*x - 33. Let y(t) = m*c(t) - 22*h(t). What are the prime factors of y(5)?
2, 7
Let p(y) = 3*y + 1. Let f be p(-3). Let g(w) = -w - 5. Let k be g(f). What are the prime factors of (-2 - -1 - -3)/(k/75)?
2, 5
Let s = 157 - 245. Let x be (-5 + s/(-20))/(1/(-10)). Suppose 0 = x*q + 150 - 762. List the prime factors of q.
2, 3, 17
Suppose -4*y + 12 = 0, -2 - 1 = -5*b + 4*y. Suppose -t - 5 = 0, 11*z - 1775 = 7*z + b*t. What are the prime factors of z?
2, 5, 11
Suppose 46*z - 47*z = -212. Let y = -19 + z. Suppose -k + y = -3*x + 56, 5*x + 15 = 0. What are the prime factors of k?
2
Let b be (0 - 3)*(-1)/(-3). Let y(l) be the third derivative of 47*l**5/30 + l**4/12 + l**3/3 - 412*l**2. List the prime factors of y(b).
2, 47
Suppose 5*a + 20*a = 12200. Suppose -943 = -9*t + a. List the prime factors of t.
3, 53
Suppose -86*w = 170*w - 4572672. List the prime factors of w.
2, 3, 13, 229
Suppose 0 = 2*n - 2446 - 23316 - 17352. What are the prime factors of n?
21557
List the prime factors of (28 - (-1395)/(-2))/(1/(-2)).
13, 103
Suppose -838390 = -15*c + 55*c - 3660630. What are the prime factors of c?
2, 31, 569
Suppose -9*j - 517 = 887. What are the prime factors of 1*j/21*7/(-2)?
2, 13
Suppose -4*l - 17*s + 16*s = -24242, 4*s + 8 = 0. List the prime factors of l.
11, 19, 29
Let d be 350/10 - (6 + -2 + -2). List the prime factors of ((-6)/(-4))/(d/9130).
5, 83
Let c = 11620 + -4453. What are the prime factors of c?
3, 2389
Suppose x - 69 + 11 = 0. Let p = x - 43. List the prime factors of 3*(-50)/p*-4.
2, 5
Let x(d) = -44*d**2 - 5*d - 5. Let t be x(-2). Let s = -55 - t. Let j = s - 25. List the prime factors of j.
7, 13
Suppose g - 459 = -698. Let i = 222 - g. What are the prime factors of i?
461
Suppose 12 = 8*y - 52. Suppose 4*a - y - 12 = 0. What are the prime factors of 1/a - (-508)/10?
3, 17
Let o(g) = -12*g**3 - 9*g**2 - 10*g - 10. Let i = 380 - 385. What are the prime factors of o(i)?
5, 263
